s of c.
23
Suppose -4*r = -r - 9. Let w(l) = l + 1. List the prime factors of w(r).
2
Let n = -2 + 5. Suppose 0 = n*j - j. Let v = 4 + j. List the prime factors of v.
2
Suppose 4*p = 4 + 36. What are the prime factors of p?
2, 5
Suppose 0 = 26*s - 21*s - 215. List the prime factors of s.
43
Let c(p) = -61*p - 3. List the prime factors of c(-1).
2, 29
Let x(v) = v. Let i(n) = -8*n + 6. Let f(b) = -i(b) - 6*x(b). List the prime factors of f(5).
2
Suppose -30 = -7*n + n. Let j(d) = d**3 + 6*d**2 - 4*d - 8. Let c be j(-6). Let a = c - n. What are the prime factors of a?
11
Suppose 11 = u + 4*s - 9*s, 5*u - 5*s - 35 = 0. Let k(z) be the first derivative of -z**4/4 + 5*z**3/3 + 4*z**2 - 6*z + 1. What are the prime factors of k(u)?
2, 3
Let d(m) = -m**3 - 17*m**2 + 9*m - 13. What are the prime factors of d(-18)?
149
Let t(v) = -v**3 - 10 + 11*v + 0 + 8*v**2 + 5. List the prime factors of t(9).
13
Let d(m) = m + 3. Let p be d(-6). What are the prime factors of 29 + p + -1 + -2?
23
Suppose -4 = -2*d + 2, -5*d = -2*s - 39. Let z = s + 22. List the prime factors of z.
2, 5
Suppose 1568 = 11*a + 3*a. List the prime factors of a.
2, 7
Suppose 0 = p - 0 - 2. Let m = p + -4. List the prime factors of (m + 4)/(2/12).
2, 3
Let o be ((-5)/2 + 2)*-4. Suppose 0 = -2*h + o, h = 5*n - 30 - 24. List the prime factors of n.
11
Let b = 56 - 34. Let t = -2 + b. List the prime factors of t.
2, 5
Let s = -2 - -4. Suppose -s*b + 6 = b. Let t = 11 - b. What are the prime factors of t?
3
Suppose 0 = r - 4*r + 69. List the prime factors of r.
23
Suppose 0 = 5*x - 41 - 124. What are the prime factors of x?
3, 11
Let i = 4 + -2. Let f be (-4)/(-6)*6/i. Suppose f*v - v = 6. List the prime factors of v.
2, 3
Let r(k) = 223*k**3 + 3*k**2 - k. List the prime factors of r(1).
3, 5
Let l = -66 - -160. Let r = l + -149. List the prime factors of r/(-20) - (-2)/8.
3
What are the prime factors of 292/(-8)*-2 + 4?
7, 11
List the prime factors of 1165/55 + (-2)/11.
3, 7
Let l(t) be the first derivative of -t**4/4 - 8*t**3/3 + 7*t**2/2 - 7*t - 4. Let z be -10 + (-6)/(-2) + -2. What are the prime factors of l(z)?
11
Suppose 0 = -2*c + 4*c + 12. What are the prime factors of (c/4)/(4/(-48))?
2, 3
Suppose -16 = -2*w - 2*w. What are the prime factors of w/10 - (-66)/10?
7
Let a(y) = 2*y**3 - 4*y**3 + 0*y**3 + 10 + y**3 - 10*y**2 - 9*y. What are the prime factors of a(-9)?
2, 5
Let n(u) = -u**2 - 3*u + 1. Let k be n(-3). Suppose 3*a - 2*a = -3*p - k, a - 19 = 2*p. List the prime factors of a.
11
Let a(t) = -t + 34. Let l(i) = i - 34. Let v(g) = 3*a(g) + 2*l(g). What are the prime factors of v(0)?
2, 17
Suppose 2*o = -9 + 1. Let f(z) = -z**2 - z - 5. Let s be f(o). Let y = 28 + s. What are the prime factors of y?
11
Suppose 3*a = 15 + 30. Let y = 30 - a. What are the prime factors of y?
3, 5
Let v(f) = 3 - 5*f + 2*f + 3. Let q be v(-7). Suppose 3*h - 7 = -4*n + 8, h = 4*n - q. List the prime factors of n.
2, 3
Let c(l) be the second derivative of l**6/120 - l**5/30 + l**4/24 - l**3/6 + l**2 + l. Let f(h) be the first derivative of c(h). List the prime factors of f(3).
11
Let b = 34 - 54. Let n = b - -40. What are the prime factors of n?
2, 5
Let d(n) = n**2 + 6*n - 1. Let u be d(-6). Let k be (-5)/(15/42)*u. What are the prime factors of 144/k + 4/(-14)?
2, 5
Let w(c) = c + 22. Let t be w(-10). Let y = t - -5. List the prime factors of y.
17
Let l = -12 + 2. What are the prime factors of (8/l)/(3/(-180))?
2, 3
Let o(p) = 3*p**3 - 11*p**2 - p - 12. What are the prime factors of o(6)?
2, 3, 13
Suppose i + i = -10, 5*s - 45 = -i. What are the prime factors of s?
2, 5
Suppose 15 + 21 = j. List the prime factors of j.
2, 3
Suppose -2*f - f - g = -8, 7 = 2*f + g. Suppose 0 = 3*z - 2*i - 1, -17 - 3 = -5*i. List the prime factors of (z - 7)*f/(-2).
2
List the prime factors of 6/(-27) + 1192/18.
2, 3, 11
Suppose -13 = -6*w + 473. List the prime factors of w.
3
List the prime factors of -4 - (-762)/(5 - -1).
3, 41
Let a be 5*((-24)/(-10))/2. Let o(y) = y**3 - 6*y**2 - 2*y + 7. Let p be o(a). Let v = 2 - p. What are the prime factors of v?
7
Let k(j) = -j**3 - 5*j**2 + 5*j - 6. Let t be k(-6). Suppose t = 2*z - 5*z + 12. Suppose -21 = i - z*i. What are the prime factors of i?
7
Suppose -78 - 17 = -5*i. Suppose -2*t + 13 = -i. Suppose 4*d = 4*y + t, -4*d + 1 = -5*y - 11. List the prime factors of d.
2
Let f(d) = d - 35. Let t(y) = -y + 23. Let h(z) = 5*f(z) + 7*t(z). What are the prime factors of h(-10)?
2, 3
Let a = 109 + -75. List the prime factors of a.
2, 17
Suppose 2*i - 4*h = 10, -5*h = -4*i - 0*h + 11. Let l(s) be the third derivative of s**5/10 - s**3/6 + s**2. What are the prime factors of l(i)?
5
List the prime factors of 6*(-87)/(-6)*1.
3, 29
Let p(d) = d**2 - 3*d - 2. Let i be p(4). Suppose 0 = i*u + 4*y - 3*y - 1, y + 1 = 0. Suppose j = u + 21. What are the prime factors of j?
2, 11
Let y = 71 - 50. What are the prime factors of (14/y)/(4/126)?
3, 7
What are the prime factors of (3090/90)/(-1 - 7/(-6))?
2, 103
Suppose 45 = 4*k + 5*v, v = -2*k - 2*v + 25. Let l(u) = 10*u**3 - u**2 + 1. Let b be l(1). Suppose 3*q = -q, f - b = -k*q. List the prime factors of f.
2, 5
Let h(i) = 5*i**2 - 6*i + 6. Let t be h(3). Suppose -2*a - 6 = 2*y, -4*a + t - 10 = -3*y. What are the prime factors of a?
2
Let f be (-256)/3 - (-5)/15. Let z = -53 - f. Suppose -3*r - 12 = 0, -r + 2*r = -3*n + z. List the prime factors of n.
2, 3
Suppose -4*j - 33 = -113. Suppose 0 = -3*h + h - j. What are the prime factors of 4/h + (-156)/(-15)?
2, 5
Suppose -3*t = -6*t + 42. Suppose 0 = 2*l + t - 72. List the prime factors of l.
29
Let y = 5 + -3. Let x(f) = -6*f - 4*f - 4 + f**3 + 6*f**y + 2*f. What are the prime factors of x(-7)?
3
Let r(s) = -s**3 - 2*s**2 + 7*s + 1. What are the prime factors of r(-6)?
103
Suppose -4*u + 628 = 5*k, -13 - 7 = -5*k. List the prime factors of u.
2, 19
Suppose 3*h - 3 = 2*h. Suppose 0 = -3*s - 2*v + 9, -5 = -h*s + 5*v + 25. What are the prime factors of s?
5
Suppose m + d = 2, -5*d = -2*m - 30 + 6. What are the prime factors of m/5 - (-186)/15?
2, 3
Let q(y) be the first derivative of y**3/3 + 7*y**2/2 - 12*y - 2. Let m be q(-9). Suppose -m - 6 = -3*l. What are the prime factors of l?
2
Let n(s) = -2*s**3 - 2*s**2 - 1. Let k(h) be the first derivative of -h**2/2 - 7*h - 2. Let o be k(-5). List the prime factors of n(o).
7
Suppose -4*u + 627 + 461 = 0. What are the prime factors of u?
2, 17
Let t(d) = -2*d + 3. Let j be t(-3). Let a = 15 - j. List the prime factors of a.
2, 3
Suppose 19*p - 18*p = 261. What are the prime factors of p?
3, 29
Suppose -7 = -4*j + 3*j. What are the prime factors of j?
7
Suppose 0 = -8*j + 3*j + 110. List the prime factors of j.
2, 11
Let t = 776 - 449. What are the prime factors of t?
3, 109
Let i(d) = -d**3 - 8*d**2 + 5. Let n be i(-8). Suppose -21 = -c + 5*k, 5*k + 1 + 4 = n*c. List the prime factors of c/(-2) + 1*2.
2
Suppose -3*p - 2*t + 30 = -p, -3*p + 4*t + 10 = 0. What are the prime factors of (-4)/(-5)*175/p?
2, 7
Let o = -18 - -18. Suppose o*j + 3 = t - j, -j + 12 = 2*t. What are the prime factors of t?
5
Let r(j) be the first derivative of 5/3*j**3 + 1 - 5*j + j**2 + 1/4*j**4. List the prime factors of r(-4).
3
Suppose -5*g + 25 = 5*i, -i + 0*g + 9 = -g. Let f(y) = 4*y - 7. Let z be f(10). Suppose -4*b = -z - i. What are the prime factors of b?
2, 5
Suppose 4*f + 11 + 5 = 0, -5*f + 24 = -4*h. List the prime factors of h/((3 - 4)*1).
11
Let z(i) = -i - 4. Let w(p) = -p - 5. Suppose -5*y + 3*y + 5*h = -10, -y + 5 = 3*h. Let l(b) = y*z(b) - 6*w(b). List the prime factors of l(0).
2, 5
Let x = 44 - -44. List the prime factors of x.
2, 11
Let j = -9 - -9. Suppose -2*z - z = j. Suppose z = -5*y, 3*w - 5*y - 14 = 2*w. List the prime factors of w.
2, 7
Let c be 5*(-14)/(-30)*3. Suppose -2*p + 3 = -o, -4*o + c = 3*p - 3. List the prime factors of p.
2
Let m(o) = o**2 - o + 1. Let r(h) = -h**2 + 8*h - 9. Let n(z) = -2*m(z) - r(z). What are the prime factors of n(-5)?
2, 3
Let a = -5 - -46. What are the prime factors of a?
41
What are the prime factors of 6/14 - 267*(-30)/126?
2
Let b be (-20)/5*-1*2. Suppose -2 = 3*i - b. What are the prime factors of 3 + i/(-1 - 1)?
2
Let o = -1 - -5. List the prime factors of 4/8 + 54/o.
2, 7
Suppose 6*i + 3*g = i + 450, 5 = -g